 Let v(u) = -u**2 - 5*u - 8. What is v(o)?
-14
Let c(q) = -3*q - 3. Suppose 0 = -2*z - 12*z + 28. Determine c(z).
-9
Let z(n) = -3*n**2 + 3. Let u(j) = -5*j + 7. Let h(y) = 4*y - 6. Let q(t) = 4*h(t) + 3*u(t). Let m be q(6). Determine z(m).
-24
Let y(l) = -9*l - 7*l + 11*l - 4. Let c be ((-28)/(-70))/((-1)/(-15)). Let b = 2 - c. Give y(b).
16
Let i(z) be the third derivative of -z**6/120 - z**5/15 - z**4/24 + z**3/6 + z**2. Let t(d) = -3*d. Let u be t(-2). Suppose -7*g + 5*g = u. Calculate i(g).
-5
Let n(x) = x**2 + 2*x. Let z be n(-2). Let y(i) = i + 0*i**3 + i**3 + 0*i**2 + 14 - 15 + 0*i**2. Give y(z).
-1
Let x(p) = p**2 + 7 + 5*p - 2 + 1. Let z be 512/(-80) - 7/(-5). Calculate x(z).
6
Let w(t) be the first derivative of -7*t**4/2 + 2*t**3/3 - t + 384. Let o be 1/3 + (-8)/6. Give w(o).
15
Let r(j) = -1 + 1 - 718*j**2 + 4 + 717*j**2. Suppose 3*n = 6*n + 5*t - 12, n - 2*t + 7 = 0. Let c = n - 2. Determine r(c).
-5
Let n(h) = 19*h + 151. Let w(z) = -7*z - 51. Let v(x) = 3*n(x) + 8*w(x). Calculate v(0).
45
Let b(c) = 5 - 5*c**2 + 2*c**2 + 2*c**2 - 2*c - 5*c. Determine b(-6).
11
Let t(u) = -11*u + 35. Let d(q) = -4*q + 12. Let r(i) = -17*d(i) + 6*t(i). Let k(w) = w. Suppose 5*l + 10 = 3*l. Let j be k(l). What is r(j)?
-4
Let f(i) be the third derivative of -i**4/12 - 5*i**3/6 - 2*i**2 - 58. Determine f(7).
-19
Suppose -3*l - 5*k + 8 = 0, 1 - 3 = k. Let m be (-20)/(-24) - (-1)/l. Let j(a) = 2*a**3 - a**2 + 1. Give j(m).
2
Let u(z) be the first derivative of -z**2 - 3*z + 66. Give u(4).
-11
Let z(l) be the second derivative of l**3/2 + l. Let v(u) = u**2 - 17*u - 4. Let n be v(13). Let m = n - -54. Give z(m).
-6
Let x = -12 + 14. Let j = 47 + -43. Suppose 0*k - j*l + 5 = -k, x*k + 2*l - 10 = 0. Let g(f) = f**2 - 5*f + 1. What is g(k)?
-5
Let c be 4/(-6) + (-42)/18. Let u be (-4 - 8)*1/c. Let w(b) = 6 + 3*b + b**3 - 4*b - 3*b**2 - 5*b. Give w(u).
-2
Let k(h) be the first derivative of 0*h**2 + 0*h - 1/3*h**4 - 11/3*h**3 + 1/120*h**5 - 10. Let w(m) be the third derivative of k(m). Give w(4).
-4
Let t(w) = -3*w + 4. Let z(b) = 4*b - 4. Suppose 0 = -2*r - 3*r + 25. Let x(j) = r*t(j) + 4*z(j). Give x(0).
4
Let t(z) be the first derivative of z**5/120 + z**4/24 + z**3 - 12. Let i(x) be the third derivative of t(x). What is i(4)?
5
Let z(n) = -7*n + 13. Let h(i) = 6*i - 12. Let o(d) = -6*h(d) - 5*z(d). Calculate o(3).
4
Let j(d) = -d + 11 + 0*d - 3 + 5. Calculate j(10).
3
Let q be (-4)/(-1) + (-15 - -19). Suppose -7*y = -q*y. Let s(k) be the first derivative of k**3/3 + k**2/2 + 5*k - 1. Calculate s(y).
5
Let s(l) = -7*l**2 - 18*l + 30. Let y(z) = -11*z**2 - 27*z + 45. Let r(j) = 8*s(j) - 5*y(j). What is r(-11)?
-7
Let u(f) = -11*f**2 + f. Let c(h) = h**2 + 1. Let j(x) = 3*c(x) + u(x). Calculate j(-3).
-72
Let f(b) be the first derivative of b**6/120 + b**5/12 + b**4/4 + b**3/2 - 51*b**2/2 - 37. Let d(x) be the second derivative of f(x). Give d(-4).
-5
Let h(z) = 5*z + z - 2 + 13*z**3 - 3 - 6*z**3 - 6*z**2. Let w(q) = -15*q**3 + 12*q**2 - 13*q + 10. Let x(v) = 13*h(v) + 6*w(v). What is x(6)?
-5
Let y = -2390 - -2381. Let m(k) = 3*k + 20. Give m(y).
-7
Let h(t) = 7*t - 35. Let a be h(4). Let l(o) = o**3 + 7*o**2 - 6. Determine l(a).
-6
Let u(p) = p**2 - 3*p + 3. Let z(k) = -3*k + 29. Let f be z(13). Let c(g) = g**2 + 9*g - 6. Let n be c(f). What is u(n)?
7
Let m(x) be the first derivative of -x**4/4 - 6*x - 2. Suppose 4971*s - 4986*s = 0. Give m(s).
-6
Let h(y) = 206*y - 445*y + 223*y + 2 - 2. Calculate h(1).
-16
Suppose 4 = -4*g + 6*g. Let x(h) = 68 - 68 - h. Determine x(g).
-2
Let i(x) be the third derivative of -7*x**4/24 + 759*x**2. Suppose -36 = -4*w - 3*c - 0*c, -5*c = -20. Suppose -1 + w = -5*u. Calculate i(u).
7
Let o(r) be the second derivative of -r**4/12 + r**3/6 + 339*r. Determine o(-3).
-12
Let h = -3 + 5. Suppose 4*s + h = 18. Let y(d) = 1 + s*d**2 - 2*d**2 + 3*d**3 - 3*d**2. Calculate y(1).
3
Let l(y) = -y**3 - 24*y**2 - 25*y - 34. Let h be l(-23). Let d(n) = h - 5*n - 11*n + 15*n. What is d(6)?
6
Suppose b = 2 + 46. Let w be (40/b)/(1/6). Let k(o) = -o + 0 - 1 - w. What is k(-5)?
-1
Let y = -1 + 5. Suppose -2*p - 2*p - 2*g + 110 = 0, -y*p + 95 = 5*g. Suppose p = -5*t + 10*t. Let a(i) = i - 4. Give a(t).
2
Let q(c) = 3*c + 33. Let b(d) = -2*d - 22. Let g(t) = 5*b(t) + 2*q(t). Determine g(-13).
8
Let z(p) be the second derivative of p**3/6 - 7*p**2/2 + 168*p. Give z(0).
-7
Let a(h) = h**2 - 2*h - 6. Let q be a(5). Let s(w) = w**2 + 3*w - 4. Let x(u) = -4*u**2 - 13*u + 16. Let b(d) = q*s(d) + 2*x(d). Determine b(3).
8
Let q(v) be the third derivative of -v**4/24 + v**3/6 + v**2. Let c(u) = 39*u - 780. Let l be c(20). Determine q(l).
1
Let d(y) = 8*y + 1 + 15*y - 24*y. Suppose -7 + 4 = 3*m. Calculate d(m).
2
Let b(g) = g + 7. Let m be b(-3). Let w = 6 + -4. Let p(c) = 0*c - c**w + c + 2 + 4*c. What is p(m)?
6
Let f = -7 - -6. Let s(x) be the first derivative of 5*x**4/4 - x**3/3 - x**2/2 - x + 18. What is s(f)?
-6
Let c(g) = 2*g**2 + 22*g + 1. Let j(o) = o**2 + 15*o + 1. Let p(s) = 5*c(s) - 7*j(s). Give p(-4).
26
Let j(i) = -i**3 - i**2 - 4*i - 3. Suppose 3*s = -141 - 57. Let y = s + 64. Give j(y).
9
Let p(g) = -g**3 + 10*g**2 + g - 14. Let r(l) = -l**3 - 13*l**2 - 34*l - 30. Let i be r(-10). Give p(i).
-4
Let t(p) be the third derivative of -p**4/8 - 4*p**3 + 8*p**2 + 47. Give t(-6).
-6
Suppose 3*h = -2*a - 27 + 20, 0 = -2*a + 5*h + 1. Let k(o) = -6*o**3 + 2*o**2 + 3*o + 1. Determine k(a).
51
Let c(n) be the third derivative of -n**5/60 - 13*n**4/24 - 7*n**3/3 + 118*n**2. Calculate c(-13).
-14
Let i(y) = 3*y + 1. Let w(d) = d**3 - 14*d**2 - 2*d + 25. Let q be w(14). Give i(q).
-8
Let w(y) be the second derivative of 0 - 13/6*y**3 + 1/2*y**2 + 12*y. Calculate w(1).
-12
Let g(q) be the first derivative of q**4/4 - 14*q**3/3 + 13*q**2/2 + 6*q + 66. Calculate g(13).
6
Suppose -5*a - 5*m + 29 = 4, 0 = -3*m. Suppose -a*u - 30 = 5*j, -3*j - 5 - 1 = -3*u. Let w(n) = 6*n + 3. Determine w(u).
-9
Let j(w) = 2*w - 1. Let d(s) = -s + 1. Let x(z) = -6*d(z) - 5*j(z). Let b(y) = -2*y**2 + 45*y + 343. Let l be b(-6). Calculate x(l).
-5
Let x be 3 - 104/14 - 21/(-49). Let c(b) = -b**3 - 3*b**2 - 2*b + 4. Determine c(x).
28
Let g(i) be the first derivative of i**4/4 + 4*i**3/3 + 2*i**2 + 1. Let k = 17 - 20. Determine g(k).
-3
Let s(u) = -3*u**2 + 11 - 14 - 3*u + 11 + 4*u - u**3. What is s(-2)?
2
Let q(j) = -j**3 + 6*j**2 - 3*j + 18. Let g be q(6). Let b(f) be the second derivative of 5/2*f**2 - 3*f + 1/6*f**3 + g. Calculate b(0).
5
Let r(x) = 16*x. Let i be (-19)/(-3)*(7 + -4). Suppose 16*d - 3 = i*d. Determine r(d).
-16
Let h(t) = -t + 7. Let o be h(3). Suppose o*n - 7 = -3. Let x be (-2)/n*(2 + 0). Let k(y) = y + 4. Calculate k(x).
0
Let g(x) be the third derivative of 7/24*x**4 + 1/20*x**5 - 1/180*x**6 + 0 + 0*x + 7*x**2 + 0*x**3. Let c(z) be the second derivative of g(z). Give c(4).
-10
Let q(r) be the third derivative of r**7/5040 - r**6/360 - r**5/30 - 21*r**2. Let m(d) be the third derivative of q(d). Calculate m(-8).
-10
Suppose 4*i + 7 + 4 = -3*a, 0 = i + 2*a + 4. Let b be 2/2 + i + 4. Let w(c) be the third derivative of c**4/8 + 3*c**2. What is w(b)?
9
Let u(a) = a. Suppose 3*c = 3*p + 21, -2*p - 3*p = -2*c + 47. Let y(j) = j**2 + 11*j + 1. Let g be y(p). Suppose g = -4*x - 3. Determine u(x).
-1
Let k(i) = i**3 - 5*i**2 + 3*i - 6. Let u be k(4). Let l be (-4)/(-5)*u/4. Let c be l/2*(-15 - -8). Let n(d) = d**2 - 6*d. Determine n(c).
7
Let p(u) be the third derivative of -u**6/120 + u**5/20 + 5*u**4/24 - 2*u**3/3 + u**2. Let r(x) = -2*x**2 + 39*x + 24. Let s be r(20). Give p(s).
0
Let t(a) = 5*a - 12. Let i(q) = -3*q + 14. Let y(v) = 3*i(v) + 2*t(v). What is y(-10)?
8
Let a(w) = -6*w**3 + 3*w + 3 + 1 - 6*w**2 - 1. Let v(p) = -7*p**3 - 7*p**2 + 3*p + 4. Let f(b) = -6*a(b) + 5*v(b). Let z = 45 + -43. Determine f(z).
8
Let c(u) = u**2 - 3*u - 9. Let w = -183 + 187. Give c(w).
-5
Let c(j) = 2*j + 1 - 2 + 2*j + 3. Let n be -5 + -4 - (-1 + 1). Let k = n - -12. Calculate c(k).
14
Let o(a) be the third derivative of 0*a - 1/24*a**4 - 1/60*a**5 - 48*a**2 + 11/6*a**3 + 0. Give o(0).
11
Let p(o) = o**2 - 8*o + 4. Suppose 9*n - 11*n + 120 = 0. Let d = n + -52. What is p(d)?
4
Let b(v) be the second derivative of v**4/6 + 5*v**3/6 - 2*v**2 + 3*v + 26. Let g be (